+ 0*p - 12 = 2*l. Suppose 0 = -p*s + 2, -36 = -2*z - 5*s + 115. What is the remainder when 654 is divided by z?
70
Suppose 244 = 3*p - k, 0 = -5*p + 2*k - 5*k + 430. Calculate the remainder when p is divided by 330/36*3 - (-1)/2.
27
Suppose 988 = 2*t + 5*o, 4*t - 412*o = -411*o + 2020. What is the remainder when 1535 is divided by t?
23
Let g = 3757 - 3725. What is the remainder when 216 is divided by g?
24
Let c = 22 - 16. Suppose -6*i = -12 - c. What is the remainder when 8 is divided by i?
2
Let o be (-2)/((-1)/4*48/(-324)). Let r = 154 - 222. Let y = o - r. Calculate the remainder when 48 is divided by y.
6
Let q(l) = -55*l - 627. What is the remainder when 202 is divided by q(-13)?
26
Suppose 4696*l = 4660*l + 14148. What is the remainder when l is divided by 94?
17
Let c(r) = -r - 13. Let q = -126 + 113. Let t be c(q). Suppose t = -22*j + 14*j + 24. What is the remainder when 3 is divided by j?
0
Let s = 11621 - 11114. Calculate the remainder when s is divided by 63.
3
Let t(f) = -52*f**2 + 9*f + 2. Let z be t(-2). Let j = -218 - z. What is the remainder when 95 is divided by j?
5
Suppose 0 = -0*d + 3*d - 177. Let v = -237 + 237. Suppose n + v*u + u - 17 = 0, 43 = 2*n - u. Calculate the remainder when d is divided by n.
19
Suppose -4*i + 314 = 5*p, -5*i = -6*i + 3*p + 70. Calculate the remainder when 911 is divided by i.
75
Let i = 499 + -474. Suppose -24*o = -i*o + d + 44, 3*o - 2*d - 132 = 0. Calculate the remainder when 150 is divided by o.
18
Let l be 9*(2/6 + 0). Suppose -l*m + 16 = -98. What is the remainder when m is divided by 5?
3
What is the remainder when 739 is divided by 12/6 - (-5 + -12 - -8)?
2
Suppose -913*o = -888*o - 750. Calculate the remainder when 10015 is divided by o.
25
Suppose 38*k = -12*k + 400. What is the remainder when 1319 is divided by k?
7
Suppose 105*p - 192*p + 4440 = 135*p. What is the remainder when 2783 is divided by p?
3
Suppose 35*t = 42*t - 14. Suppose 0 = -5*z + 3*x + 479, 120 = t*z - 4*x - 66. Calculate the remainder when z is divided by 19.
2
Suppose 5*o = 0, 4*m - 7*o - 79 = -8*o - 23. Let d be 6 - (2 + -2 - -1). Suppose -d*w + 0 = -185. Calculate the remainder when w is divided by m.
9
Let w be ((192/(-7))/(-2))/(18/63). Suppose -w*t + 2 = -50*t, -3*t + 501 = 4*z. Calculate the remainder when z is divided by 47.
32
Let p be 5*6/(-25)*5. Calculate the remainder when (-7)/(-21) - (3 + 1102/p) is divided by 31.
26
Let m = 72 - 66. Let o be -4 - m/((-12)/(-14)). Calculate the remainder when 62*1 - (o + 12) is divided by 16.
13
Let f(g) = 2*g**3 - 5*g**2 - 6*g - 2. Suppose -p + 4*h = -h + 10, 4*p = -2*h + 26. Calculate the remainder when f(p) is divided by 110/6 - 4/(-6).
17
Suppose -x - 570 = -783. What is the remainder when x is divided by 29?
10
Suppose w = 15*w - 140. Suppose -13844 = -w*p - 2744. Calculate the remainder when p/14 - 8/28 is divided by 27.
25
Let j(a) = -2*a**2 - 8*a - 11. Let u be j(-3). Let x be u/2*(64/10)/(-8). Suppose 4 = 2*h - x. What is the remainder when 5 is divided by h?
2
Let y be 153/21 + (-20)/70. Suppose 0 = y*x - 10*x + 168. Calculate the remainder when x is divided by 22.
12
Let b(y) = -24*y + 140. Let i be b(6). Let f(u) be the second derivative of u**4/6 + u**3 + 13*u**2/2 - u. Calculate the remainder when 125 is divided by f(i).
20
Let h = -14774 - -14780. What is the remainder when 212 is divided by h?
2
Suppose 0 = 3*q + 4*z - 31, -147 = 4*q + z - 197. Calculate the remainder when 51 is divided by q.
12
Suppose -2*q = 3*f - 563, 2*f = -f + 2*q + 559. Let z(o) = o**3 - 43*o**2 - 41*o - 105. Calculate the remainder when f is divided by z(44).
25
Let v(i) = 10*i - 1. What is the remainder when v(5) is divided by 9*((-1)/15)/((-3)/50)?
9
Let y = -4262 - -19149. Calculate the remainder when y is divided by 10.
7
Let l(t) = -t**2 - 219*t + 1628. Suppose 0 = -y + 131 - 38. Calculate the remainder when y is divided by l(7).
1
What is the remainder when -7010*(-1)/14 + (140/49)/10 is divided by 156?
33
Let h = -7692 + 8244. What is the remainder when h is divided by 94?
82
Let o(f) = 6*f**2 + 66*f - 271. What is the remainder when o(4) is divided by 82?
7
Suppose 17*d - 18*d = -9. Calculate the remainder when 164 is divided by (d + -5)*(-11)/(-4).
10
Suppose -236*t = -207*t - 145. Let f(h) = -157*h + 1. Let k be f(-1). Suppose -2 = -t*g - 27, -k = -u + g. What is the remainder when u is divided by 39?
36
What is the remainder when 43 is divided by (-6)/(-27) + (-8587)/(-279)?
12
Let s(q) = 1980*q + 6075. Calculate the remainder when 2554 is divided by s(-3).
124
Suppose h + 2*s + 6 = 2*h, -4*s - 8 = 0. What is the remainder when 12 is divided by h/4*16 - -2?
2
Suppose 54 = 3*k + 36. Let c be (6/k)/(4/988). Suppose 3*d + n + 0*n - c = 0, d - 93 = -3*n. Calculate the remainder when d is divided by 6.
3
Let x = 4998 - 4806. What is the remainder when 574 is divided by x?
190
Let m(y) = -73*y - 1. Let g be m(-4). Suppose 6*j = j - 15, g = 4*v + 3*j. Let p(d) = 2*d**2 + 116*d - 2710. Calculate the remainder when v is divided by p(18).
23
Suppose 715 - 256 = -3*w - 3*u, 5*w + 4*u + 761 = 0. Let d = -133 - w. Suppose 0 = -n - 3*n + 240. Calculate the remainder when n is divided by d.
12
Let f be ((-12)/(-4) - -13)/(-1). Let q be (-1)/(-5) + (-4488)/440. What is the remainder when ((-96)/30)/(-2 + f/q) is divided by 6?
2
Let p(o) be the third derivative of o**6/120 + o**5/60 + o**4/12 + 3*o**3/2 - 2*o**2 - 142*o. Calculate the remainder when p(5) is divided by 9.
7
Let v(b) = -b + 5. Suppose -4*f + 12 = -0*f. Let y be v(f). Suppose y*k = 69 - 17. Calculate the remainder when k is divided by 14.
12
What is the remainder when 1856 is divided by (-564)/(-42) - 2 - 3/7?
8
Let j = -32 + 34. Suppose j*r + r = v + 203, 258 = 4*r + 5*v. Calculate the remainder when r is divided by ((-21)/2)/((-9)/12).
11
Let v(t) = -t**2 + 30*t - 10. Let c be 1 + (-3 - (-36)/4). What is the remainder when v(c) is divided by 14?
11
Calculate the remainder when 71 is divided by 7/(196/(-70))*(-9)/5*2.
8
Suppose -3*o - 42 = -z, 5*o + 438 - 308 = 3*z. Calculate the remainder when 623 is divided by z.
38
Let t be (-105)/(-45) + 353/3. Suppose 8*i - 64 = t. What is the remainder when 36 is divided by i?
13
Suppose 9*d = 3*d - 544 + 2344. Calculate the remainder when 1518 is divided by d.
18
Suppose -138*a + 9*a + 32400 = 287*a - 16*a. Suppose 3*d - 66 = -4*i, 2*i = -4*d - d + 96. Calculate the remainder when a is divided by d.
9
Let h = -10887 + 11053. Calculate the remainder when 787 is divided by h.
123
Suppose -31*o = -9*o - 11*o - 2761. Calculate the remainder when o is divided by 94.
63
Suppose -12 = -6*j + 6. Let z(n) = 3*n**2 - 4 + 38*n**3 - 2*n**2 - 36*n**j. Calculate the remainder when z(2) is divided by 5.
1
Let m = 1975 - 1961. Suppose 4*u - 441 - 107 = 0. Calculate the remainder when u is divided by m.
11
Let f = 308 - 282. What is the remainder when 491 is divided by f?
23
Suppose -2709 = -8*j - 989. Let h = j - 194. What is the remainder when 38 is divided by h?
17
Let j(h) = -8*h + 280. Let r = -457 - -469. What is the remainder when j(r) is divided by 22?
8
Suppose 6500*i - 6491*i - 18882 = 0. What is the remainder when i is divided by 75?
73
Suppose -5*d = -351 - 54. Suppose 5*v = d + 49. Suppose 5*h - 2 - 13 = 0, 5*n - 386 = -2*h. What is the remainder when n is divided by v?
24
Suppose -57*r = 171*r - 1443072 - 266700. Calculate the remainder when r is divided by 11.
8
Suppose -3*b + 12 + 6 = 0. Suppose -198 = 4*x - u - 210, 3*x = -2*u - 2. Calculate the remainder when b is divided by x.
0
Let b = -3037 + 3431. What is the remainder when b is divided by 54?
16
Let j = 92 - 82. Let t be (-2)/1 - (2 + -7). Suppose -117 = -j*q - t*q. Calculate the remainder when 33 is divided by q.
6
Suppose 4*y = -4*q + 5124, 6*q + y + 1291 = 7*q. What is the remainder when q is divided by 10?
6
What is the remainder when (-102)/168*-13900 - 6/21 is divided by 67?
64
Let j = -200 + 185. Let c(u) = -4*u - 42. Calculate the remainder when 233 is divided by c(j).
17
Suppose -l + 3*l - 25 = -5*t, 0 = -t - 5*l + 28. Calculate the remainder when 26 is divided by (18/(-6) + -7)*t/(-5).
2
Suppose 0*m + 95058 = 14*m + 37546. What is the remainder when m is divided by 14?
6
Suppose 0 = -11*w + 16*w - 30. Suppo